*2. What are the prime factors of g(4)?
2, 7
Let s = -11 + 14. Let a be (-6)/(-4)*(s - -3). Let o = 12 - a. List the prime factors of o.
3
Let t = -2764 - -3996. What are the prime factors of t?
2, 7, 11
Suppose 50*o - 1052 = 46*o. List the prime factors of o.
263
Suppose -5*y = -2*d + 5008, 0*d - 4976 = -2*d - 3*y. What are the prime factors of d?
2, 29, 43
Let c be (-4)/8 - (2/(-4) + 0). Suppose -r + q + c = -3, 2*q = -2*r + 22. What are the prime factors of r?
7
Suppose -1034 = -16*r - 106. List the prime factors of r.
2, 29
Let q = -155 - -418. What are the prime factors of q?
263
Suppose -5*r + 2*g = -43, -5*r - g = 4*g - 50. What are the prime factors of -35*r*6/(-45)?
2, 3, 7
Let h(v) = -v - 7. Let w be h(6). Let z = w - -30. List the prime factors of z.
17
Let h = -22 + 67. Suppose 3*u - h = -2*u. Suppose 0 = -4*f + 79 + u. List the prime factors of f.
2, 11
Let i(n) = -n + 9. Let s be i(9). Let m be 0 - -4 - (0 + s). List the prime factors of m - (-2)/3*-3.
2
Let o be 18/((-3)/2*1). List the prime factors of o/60 - 291/(-5).
2, 29
Let h(i) = -i**3 - 19*i**2 + 91*i + 17. What are the prime factors of h(-23)?
2, 5
Suppose 5*b = 5*p + 1225, 4*p = -2*b + 4*b - 486. What are the prime factors of b?
13, 19
What are the prime factors of ((-713)/5)/((-60)/300)?
23, 31
Let k(v) = -4*v + 9. Let p be k(1). Suppose -p*o + 308 = -3*o. What are the prime factors of o?
2, 7, 11
Suppose 0*f + 11*f = 704. Suppose 4*t = -f + 336. List the prime factors of t.
2, 17
Let b = -12 - -9. Let f be (-440)/33*(b - 0). Suppose 0 = -p + 3*p - f. List the prime factors of p.
2, 5
Suppose -11*x + 3745 = -6*x + 5*u, 3*x + u = 2245. What are the prime factors of x?
2, 11, 17
Let l = 1578 - 823. What are the prime factors of l?
5, 151
Let p = 90 - 14. What are the prime factors of p?
2, 19
Let o be (-154 - 0 - 3)*(4 - 5). Let r = -36 + o. What are the prime factors of r?
11
Let a(k) = k**2 + 3*k + 45. What are the prime factors of a(20)?
5, 101
Let x(q) = -2*q**2 - 22. Let n(o) = -o**2 - 11. Let k(c) = 5*n(c) - 3*x(c). Let p(t) = 2*t - 44. Let d be p(22). What are the prime factors of k(d)?
11
Suppose 13 = 13*x - 13. Suppose 27 = 4*w + 5*i, w + 2*i + 3 = 4*w. Suppose 3*g = -x*n + 5, -4*n + w*g = -2*n - 35. What are the prime factors of n?
2, 5
Suppose -4*h + 180 + 4940 = 0. List the prime factors of h.
2, 5
Let l be 10/(-65) - (-824)/(-52). Let v(b) = -b**2 - b + 52. Let t be v(0). Let p = l + t. List the prime factors of p.
2, 3
What are the prime factors of (-546)/(-3 - 16/(-8))?
2, 3, 7, 13
Suppose 0 = -11*h + 2618 + 3850. What are the prime factors of h?
2, 3, 7
Suppose -5*a - 8 = -3*f - 3*a, -2*f - 4*a = 0. Suppose f*q = -2*q + 536. List the prime factors of q.
2, 67
What are the prime factors of 235*(1 + -3)/(14/(-77))?
5, 11, 47
Suppose 4*w - 3*w - 9 = 0. Suppose w*d - 30 = 14*d. What are the prime factors of d*((-88)/(-12))/(-1)?
2, 11
Suppose -5*b + 2 = -13. What are the prime factors of (1 + b)*(-57)/(-12)?
19
Let h = 17 + -10. Let q(t) = 5*t**3 + 7*t**2 - 2*t + 1. Let m(f) = 9*f**3 + 14*f**2 - 3*f + 1. Let b(l) = 6*m(l) - 11*q(l). List the prime factors of b(h).
23
Let y be (-2)/(-13) + (-2064)/(-104). Let o = y - 7. Let t = o - 7. List the prime factors of t.
2, 3
Let j(h) = -h**3 + 2*h**2 + 4*h + 6. Let t be j(5). Let o = t + 95. List the prime factors of o.
2, 23
Suppose 0 = o - 2*j + 2, 3*o - 3*j + 8 - 2 = 0. Let q = 4 + o. Suppose -5*d + 135 = -v - 3*v, -2*v + 36 = q*d. List the prime factors of d.
23
Let u(k) = -k**3 + 2*k**2 + 11*k - 2. Let y be u(4). Suppose -y*m + 1414 + 456 = 0. What are the prime factors of m?
11, 17
Let p = -22 + 16. Let i(v) = 2*v - 4. Let u(x) = -1. Let a(q) = p*u(q) - i(q). List the prime factors of a(-8).
2, 13
Suppose 3 = i + 4*h, 4*i - 12 = -0*h - 2*h. Suppose 2*a + 4 = -6, i*r + 2*a = 806. Suppose -5*s + r = -4*b, 4*s + 3*b = -1 + 231. List the prime factors of s.
2, 7
Let w = -25 + 27. Suppose q + 3*q = 5*z - 169, 94 = w*z + 5*q. What are the prime factors of z?
37
Suppose 6 = 5*i - 9. Suppose -i = -3*s - 12. List the prime factors of -4 - (0 + s - 34).
3, 11
Let u = 439 + -334. List the prime factors of u.
3, 5, 7
Let l(a) = -a**3 - 7*a**2 - 15*a - 13. Let m be l(-7). Suppose 91*j - m*j = -70. List the prime factors of j.
2, 5, 7
Let q(t) = -t**2 + 4*t - 20. Let i be q(6). Let j = i - -55. List the prime factors of j.
23
Let l(i) = -2*i**3 - 2*i**2 + 14*i + 88. List the prime factors of l(-7).
2, 17
Let t be (79/(-3))/(1/(-6)). Suppose -2*q - t = -3*v + 135, q = -1. List the prime factors of v.
97
Suppose 3*o + 38 = 2*o. Let h = o + 41. Suppose -i = -h*p - 16, 2*p - 17 = -i + 4*p. What are the prime factors of i?
19
Let l = -1388 - -2385. List the prime factors of l.
997
Let k = 408 + -6. List the prime factors of k.
2, 3, 67
Let m = -32 + 16. Let r be 680/m*4/(-5). Suppose r = 3*b - b. What are the prime factors of b?
17
Suppose -23*q + 55002 + 6431 = 0. What are the prime factors of q?
2671
List the prime factors of ((-9)/((-225)/1670))/((-2)/(-20)).
2, 167
Suppose 0 = -3*t - 2 - 7. Let l be (-1 - t - 1)*4. Suppose 8 = l*y - 36. List the prime factors of y.
11
Let s(p) = -p**3 + 8*p**2 - 5*p - 9. Let a be s(7). Let c(l) = -3 - 2*l**2 + l**3 - 2*l**2 + 0*l**3 - 4*l + 7. List the prime factors of c(a).
3
Suppose 31 = -17*b - 3. List the prime factors of b - ((-1420)/30)/(1/3).
2, 5, 7
Suppose 12*y + 175 - 31 = 0. What are the prime factors of (117/4)/(0 - 3/y)?
3, 13
What are the prime factors of 2/(-4) - (-84279)/26 - 4?
3, 13, 83
Let h(f) = -f**2 - f - 3. Let m be h(0). Suppose -5*i = -3*k + 6*k - 3, -4*k - 4*i = -12. List the prime factors of (4/k - 2)*m.
2
Let c be 5/2 - (-1)/2. Suppose 0 = 2*h + 5*b + 6, c*h + 3*b = h - 2. Suppose 28 = 2*r + 5*o, 3*o - h*o + 16 = 2*r. List the prime factors of r.
3
Let b(l) = 244*l - 253. List the prime factors of b(14).
3163
Suppose 5*t - 16 + 6 = 0. Suppose -2*g = 3*i - 2, -2 = t*i + 4*g + 10. Suppose 0 = -i*r + r + 96. List the prime factors of r.
2
Let l be 1*-1*179*(1 - 2). Let k = l - 9. List the prime factors of k.
2, 5, 17
Let h(t) = -11*t + 630. What are the prime factors of h(0)?
2, 3, 5, 7
What are the prime factors of 1 + 608 + (-16)/(5 + -9)?
613
List the prime factors of (1001/(-35))/((-4)/20).
11, 13
Suppose 0 = p - 4*p - 15. Let t(a) = 5*a**2 + 13*a + 7. List the prime factors of t(p).
67
Let x be (-48)/(-36)*(-2 + 260). Suppose 6*n = 2*n - m + x, 324 = 4*n - 4*m. What are the prime factors of n?
5, 17
Let h(d) = d**3 + 20*d**2 - 2*d - 9. What are the prime factors of h(-13)?
2, 3, 5
Suppose -5*q = 2*n + 8, -2*n + 3*n + 6 = -3*q. Let a be (-4)/n*(-9)/(-2). List the prime factors of 1*(-25)/(-1) + a.
2, 11
Let s = 12 + -12. Suppose c + 4*c - 10 = s. Suppose -c*h - 96 = -6*h. What are the prime factors of h?
2, 3
Suppose -3*d = 2*u - 1697, 2*u - 1860 = -4*d + 400. What are the prime factors of d?
563
Let a = 60 + 583. What are the prime factors of a?
643
Suppose 4*l - 128 = -3*a + 20, 0 = -2*a - 8. Let f = 187 - l. What are the prime factors of f?
3, 7
Let b(n) = -n**2 - 8*n + 2. Let l be b(-8). Let q(g) = -1 - 4*g - 6 + 14*g**l - 12*g**2 - g. List the prime factors of q(5).
2, 3
Let a = 51 + -95. Let d = 61 + a. List the prime factors of d.
17
Let d = 40 + -32. Suppose 5*m + 64 = f, 2*m - 6*m - d = 0. List the prime factors of f.
2, 3
Let k be (0 - 4) + 0 - -19. Suppose -k = -5*r + 5*m, 2*m + 29 = 5*r + 4*m. Suppose 119 = r*y - 51. List the prime factors of y.
2, 17
Suppose -34 = 5*j + 11. Let a = 7 + j. What are the prime factors of (-6)/a*26/3?
2, 13
Let v(t) = 29*t + 7. Let s be v(6). Let u = s - 101. List the prime factors of u.
2, 5
What are the prime factors of (-10)/(-15)*6*(-2022)/(-24)?
337
Let f(k) = 19*k + 32. Let i = -127 + 136. List the prime factors of f(i).
7, 29
Let l = 2 + 1. Let s be (2 + (-5)/l)*12. Suppose -140 = -3*w + s*y, 5*y = 3*w - 156 + 14. What are the prime factors of w?
2, 11
Let o be (-3 - (6 + 1))*-17. Suppose -10*y + 8*y + o = 0. List the prime factors of y.
5, 17
Let u(d) = -4*d**3 + 4*d**2 + d + 1. Let s be u(-3). Let b = 202 - s. List the prime factors of b.
2, 3, 5
Suppose 0 = 5*i - 118 - 32. Suppose 4*q - i = 26. Let k = q - 7. What are the prime factors of k?
7
Let i be (-4)/(-24) + (-489)/18. Let o = -7 - i. What are the pr